{"id":83,"date":"2025-11-08T17:10:31","date_gmt":"2025-11-08T17:10:31","guid":{"rendered":"https:\/\/rosenstrasse-fewo.de\/?page_id=83"},"modified":"2025-11-08T17:10:32","modified_gmt":"2025-11-08T17:10:32","slug":"rund-um-haseluenne","status":"publish","type":"page","link":"https:\/\/rosenstrasse-fewo.de\/?page_id=83","title":{"rendered":"Rund um Hasel\u00fcnne"},"content":{"rendered":"\n<p><\/p>\n\n\n\n<p>Entdecken Sie Hasel\u00fcnne und das sch\u00f6ne Emsland<\/p>\n\n\n\n<p><strong>Radfahren<\/strong>: <br>Direkt von der Haust\u00fcr aus starten beliebte Routen wie die Hase-Ems-Tour, die Emsland-Route oder die Hasetaler Kunstroute.<br><br><strong>Kanu fahren:<\/strong><br>Unternehmen Sie eine Paddeltour auf der Hase \u2013 ein Naturerlebnis f\u00fcr die ganze Familie.<br><br><strong>Wandern &amp; Natur:<\/strong><br>Der Hasel\u00fcnner Wacholderhain l\u00e4dt zu Spazierg\u00e4ngen und Naturbeobachtungen ein. Ebenso ist ein Spaziergang rund um den Hasel\u00fcnner See sehr entspannend und von der Ferienwohnung aus fu\u00dfl\u00e4ufig (ca. 1 km Entfernung) erreichbar.<br><br><strong>Kornbrennereien:<\/strong><br>Besuchen und besichtigen Sie die ortsans\u00e4ssigen Kornbrennereien von Berentzen, Heydt oder Rosche<br><br><strong>Kultur &amp; Geschichte:<\/strong><br>Entdecken Sie das historische Alte Rathaus, die gotische St.-Vincentius-Kirche oder das Heimatmuseum.<br><br><strong>Ausfl\u00fcge<\/strong>:<\/p>\n\n\n\n<ul class=\"wp-block-list\">\n<li>Besuchen Sie die Zoos in unmittelbarer Umgebung in Emmen (NL), Rheine, Nordhorn oder Thuile<\/li>\n\n\n\n<li>Besuchen Sie Meppen oder Lingen (ca 30 min Fahrt)<\/li>\n\n\n\n<li>Speichersee Geeste in 24 km Entfernung<\/li>\n\n\n\n<li>Ein Besuch der Meyer Werft in Papenburg (60 km) ist immer einen Ausflug wert. Verbunden mit einem Besuch der Maritimen Erlebniswelt und einer Wanderung entlang der Kan\u00e4le zu den ausgestellten Schiffen rundet einen tollen Ausflugtag ab.<\/li>\n<\/ul>\n","protected":false},"excerpt":{"rendered":"<p>Entdecken Sie Hasel\u00fcnne und das sch\u00f6ne Emsland Radfahren: Direkt von der Haust\u00fcr aus starten beliebte Routen wie die Hase-Ems-Tour, die Emsland-Route oder die Hasetaler Kunstroute. Kanu fahren:Unternehmen Sie eine Paddeltour auf der Hase \u2013 ein Naturerlebnis f\u00fcr die ganze Familie. Wandern &amp; Natur:Der Hasel\u00fcnner Wacholderhain l\u00e4dt zu Spazierg\u00e4ngen und Naturbeobachtungen ein. Ebenso ist ein Spaziergang&hellip;&nbsp;<a href=\"https:\/\/rosenstrasse-fewo.de\/?page_id=83\" rel=\"bookmark\"><span class=\"screen-reader-text\">Rund um Hasel\u00fcnne<\/span><\/a><\/p>\n","protected":false},"author":1,"featured_media":0,"parent":0,"menu_order":0,"comment_status":"closed","ping_status":"closed","template":"","meta":{"neve_meta_sidebar":"","neve_meta_container":"","neve_meta_enable_content_width":"","neve_meta_content_width":0,"neve_meta_title_alignment":"","neve_meta_author_avatar":"","neve_post_elements_order":"","neve_meta_disable_header":"","neve_meta_disable_footer":"","neve_meta_disable_title":"","_themeisle_gutenberg_block_has_review":false,"footnotes":""},"class_list":["post-83","page","type-page","status-publish","hentry"],"yoast_head":"<!-- This site is optimized with the Yoast SEO plugin v26.3 - https:\/\/yoast.com\/wordpress\/plugins\/seo\/ -->\n<title>Rund um Hasel\u00fcnne - Fewo Rosenstra\u00dfe<\/title>\n<meta name=\"robots\" content=\"index, follow, max-snippet:-1, max-image-preview:large, max-video-preview:-1\" \/>\n<link rel=\"canonical\" href=\"https:\/\/rosenstrasse-fewo.de\/?page_id=83\" \/>\n<meta property=\"og:locale\" content=\"de_DE\" \/>\n<meta property=\"og:type\" content=\"article\" \/>\n<meta property=\"og:title\" content=\"Rund um Hasel\u00fcnne - Fewo Rosenstra\u00dfe\" \/>\n<meta property=\"og:description\" content=\"Entdecken Sie Hasel\u00fcnne und das sch\u00f6ne Emsland Radfahren: Direkt von der Haust\u00fcr aus starten beliebte Routen wie die Hase-Ems-Tour, die Emsland-Route oder die Hasetaler Kunstroute. Kanu fahren:Unternehmen Sie eine Paddeltour auf der Hase \u2013 ein Naturerlebnis f\u00fcr die ganze Familie. Wandern &amp; Natur:Der Hasel\u00fcnner Wacholderhain l\u00e4dt zu Spazierg\u00e4ngen und Naturbeobachtungen ein. Ebenso ist ein Spaziergang&hellip;&nbsp;Rund um Hasel\u00fcnne\" \/>\n<meta property=\"og:url\" content=\"https:\/\/rosenstrasse-fewo.de\/?page_id=83\" \/>\n<meta property=\"og:site_name\" content=\"Fewo Rosenstra\u00dfe\" \/>\n<meta property=\"article:publisher\" content=\"https:\/\/www.facebook.com\/profile.php?id=61581230256860\" \/>\n<meta property=\"article:modified_time\" content=\"2025-11-08T17:10:32+00:00\" \/>\n<meta property=\"og:image\" content=\"https:\/\/rosenstrasse-fewo.de\/wp-content\/uploads\/2025\/11\/WZ_1-scaled.jpg\" \/>\n\t<meta property=\"og:image:width\" content=\"1920\" \/>\n\t<meta property=\"og:image:height\" content=\"2560\" \/>\n\t<meta property=\"og:image:type\" content=\"image\/jpeg\" \/>\n<meta name=\"twitter:card\" content=\"summary_large_image\" \/>\n<meta name=\"twitter:label1\" content=\"Gesch\u00e4tzte Lesezeit\" \/>\n\t<meta name=\"twitter:data1\" content=\"1\u00a0Minute\" \/>\n<script type=\"application\/ld+json\" class=\"yoast-schema-graph\">{\"@context\":\"https:\/\/schema.org\",\"@graph\":[{\"@type\":\"WebPage\",\"@id\":\"https:\/\/rosenstrasse-fewo.de\/?page_id=83\",\"url\":\"https:\/\/rosenstrasse-fewo.de\/?page_id=83\",\"name\":\"Rund um Hasel\u00fcnne - Fewo Rosenstra\u00dfe\",\"isPartOf\":{\"@id\":\"https:\/\/rosenstrasse-fewo.de\/#website\"},\"datePublished\":\"2025-11-08T17:10:31+00:00\",\"dateModified\":\"2025-11-08T17:10:32+00:00\",\"breadcrumb\":{\"@id\":\"https:\/\/rosenstrasse-fewo.de\/?page_id=83#breadcrumb\"},\"inLanguage\":\"de\",\"potentialAction\":[{\"@type\":\"ReadAction\",\"target\":[\"https:\/\/rosenstrasse-fewo.de\/?page_id=83\"]}]},{\"@type\":\"BreadcrumbList\",\"@id\":\"https:\/\/rosenstrasse-fewo.de\/?page_id=83#breadcrumb\",\"itemListElement\":[{\"@type\":\"ListItem\",\"position\":1,\"name\":\"Startseite\",\"item\":\"https:\/\/rosenstrasse-fewo.de\/\"},{\"@type\":\"ListItem\",\"position\":2,\"name\":\"Rund um Hasel\u00fcnne\"}]},{\"@type\":\"WebSite\",\"@id\":\"https:\/\/rosenstrasse-fewo.de\/#website\",\"url\":\"https:\/\/rosenstrasse-fewo.de\/\",\"name\":\"Fewo Rosenstra\u00dfe\",\"description\":\"49740 Hasel\u00fcnne\",\"publisher\":{\"@id\":\"https:\/\/rosenstrasse-fewo.de\/#organization\"},\"alternateName\":\"Ferienwohnung Rosenstrasse Hasel\u00fcnne\",\"potentialAction\":[{\"@type\":\"SearchAction\",\"target\":{\"@type\":\"EntryPoint\",\"urlTemplate\":\"https:\/\/rosenstrasse-fewo.de\/?s={search_term_string}\"},\"query-input\":{\"@type\":\"PropertyValueSpecification\",\"valueRequired\":true,\"valueName\":\"search_term_string\"}}],\"inLanguage\":\"de\"},{\"@type\":\"Organization\",\"@id\":\"https:\/\/rosenstrasse-fewo.de\/#organization\",\"name\":\"Ferienwohnung Rosenstrasse\",\"alternateName\":\"Ferienwohnung Hasel\u00fcnne\",\"url\":\"https:\/\/rosenstrasse-fewo.de\/\",\"logo\":{\"@type\":\"ImageObject\",\"inLanguage\":\"de\",\"@id\":\"https:\/\/rosenstrasse-fewo.de\/#\/schema\/logo\/image\/\",\"url\":\"https:\/\/rosenstrasse-fewo.de\/wp-content\/uploads\/2025\/11\/cropped-Logo.jpg\",\"contentUrl\":\"https:\/\/rosenstrasse-fewo.de\/wp-content\/uploads\/2025\/11\/cropped-Logo.jpg\",\"width\":512,\"height\":512,\"caption\":\"Ferienwohnung Rosenstrasse\"},\"image\":{\"@id\":\"https:\/\/rosenstrasse-fewo.de\/#\/schema\/logo\/image\/\"},\"sameAs\":[\"https:\/\/www.facebook.com\/profile.php?id=61581230256860\"]}]}<\/script>\n<!-- \/ Yoast SEO plugin. -->","yoast_head_json":{"title":"Rund um Hasel\u00fcnne - Fewo Rosenstra\u00dfe","robots":{"index":"index","follow":"follow","max-snippet":"max-snippet:-1","max-image-preview":"max-image-preview:large","max-video-preview":"max-video-preview:-1"},"canonical":"https:\/\/rosenstrasse-fewo.de\/?page_id=83","og_locale":"de_DE","og_type":"article","og_title":"Rund um Hasel\u00fcnne - Fewo Rosenstra\u00dfe","og_description":"Entdecken Sie Hasel\u00fcnne und das sch\u00f6ne Emsland Radfahren: Direkt von der Haust\u00fcr aus starten beliebte Routen wie die Hase-Ems-Tour, die Emsland-Route oder die Hasetaler Kunstroute. Kanu fahren:Unternehmen Sie eine Paddeltour auf der Hase \u2013 ein Naturerlebnis f\u00fcr die ganze Familie. Wandern &amp; Natur:Der Hasel\u00fcnner Wacholderhain l\u00e4dt zu Spazierg\u00e4ngen und Naturbeobachtungen ein. Ebenso ist ein Spaziergang&hellip;&nbsp;Rund um Hasel\u00fcnne","og_url":"https:\/\/rosenstrasse-fewo.de\/?page_id=83","og_site_name":"Fewo Rosenstra\u00dfe","article_publisher":"https:\/\/www.facebook.com\/profile.php?id=61581230256860","article_modified_time":"2025-11-08T17:10:32+00:00","og_image":[{"width":1920,"height":2560,"url":"https:\/\/rosenstrasse-fewo.de\/wp-content\/uploads\/2025\/11\/WZ_1-scaled.jpg","type":"image\/jpeg"}],"twitter_card":"summary_large_image","twitter_misc":{"Gesch\u00e4tzte Lesezeit":"1\u00a0Minute"},"schema":{"@context":"https:\/\/schema.org","@graph":[{"@type":"WebPage","@id":"https:\/\/rosenstrasse-fewo.de\/?page_id=83","url":"https:\/\/rosenstrasse-fewo.de\/?page_id=83","name":"Rund um Hasel\u00fcnne - Fewo Rosenstra\u00dfe","isPartOf":{"@id":"https:\/\/rosenstrasse-fewo.de\/#website"},"datePublished":"2025-11-08T17:10:31+00:00","dateModified":"2025-11-08T17:10:32+00:00","breadcrumb":{"@id":"https:\/\/rosenstrasse-fewo.de\/?page_id=83#breadcrumb"},"inLanguage":"de","potentialAction":[{"@type":"ReadAction","target":["https:\/\/rosenstrasse-fewo.de\/?page_id=83"]}]},{"@type":"BreadcrumbList","@id":"https:\/\/rosenstrasse-fewo.de\/?page_id=83#breadcrumb","itemListElement":[{"@type":"ListItem","position":1,"name":"Startseite","item":"https:\/\/rosenstrasse-fewo.de\/"},{"@type":"ListItem","position":2,"name":"Rund um Hasel\u00fcnne"}]},{"@type":"WebSite","@id":"https:\/\/rosenstrasse-fewo.de\/#website","url":"https:\/\/rosenstrasse-fewo.de\/","name":"Fewo Rosenstra\u00dfe","description":"49740 Hasel\u00fcnne","publisher":{"@id":"https:\/\/rosenstrasse-fewo.de\/#organization"},"alternateName":"Ferienwohnung Rosenstrasse Hasel\u00fcnne","potentialAction":[{"@type":"SearchAction","target":{"@type":"EntryPoint","urlTemplate":"https:\/\/rosenstrasse-fewo.de\/?s={search_term_string}"},"query-input":{"@type":"PropertyValueSpecification","valueRequired":true,"valueName":"search_term_string"}}],"inLanguage":"de"},{"@type":"Organization","@id":"https:\/\/rosenstrasse-fewo.de\/#organization","name":"Ferienwohnung Rosenstrasse","alternateName":"Ferienwohnung Hasel\u00fcnne","url":"https:\/\/rosenstrasse-fewo.de\/","logo":{"@type":"ImageObject","inLanguage":"de","@id":"https:\/\/rosenstrasse-fewo.de\/#\/schema\/logo\/image\/","url":"https:\/\/rosenstrasse-fewo.de\/wp-content\/uploads\/2025\/11\/cropped-Logo.jpg","contentUrl":"https:\/\/rosenstrasse-fewo.de\/wp-content\/uploads\/2025\/11\/cropped-Logo.jpg","width":512,"height":512,"caption":"Ferienwohnung Rosenstrasse"},"image":{"@id":"https:\/\/rosenstrasse-fewo.de\/#\/schema\/logo\/image\/"},"sameAs":["https:\/\/www.facebook.com\/profile.php?id=61581230256860"]}]}},"_links":{"self":[{"href":"https:\/\/rosenstrasse-fewo.de\/index.php?rest_route=\/wp\/v2\/pages\/83","targetHints":{"allow":["GET"]}}],"collection":[{"href":"https:\/\/rosenstrasse-fewo.de\/index.php?rest_route=\/wp\/v2\/pages"}],"about":[{"href":"https:\/\/rosenstrasse-fewo.de\/index.php?rest_route=\/wp\/v2\/types\/page"}],"author":[{"embeddable":true,"href":"https:\/\/rosenstrasse-fewo.de\/index.php?rest_route=\/wp\/v2\/users\/1"}],"replies":[{"embeddable":true,"href":"https:\/\/rosenstrasse-fewo.de\/index.php?rest_route=%2Fwp%2Fv2%2Fcomments&post=83"}],"version-history":[{"count":1,"href":"https:\/\/rosenstrasse-fewo.de\/index.php?rest_route=\/wp\/v2\/pages\/83\/revisions"}],"predecessor-version":[{"id":84,"href":"https:\/\/rosenstrasse-fewo.de\/index.php?rest_route=\/wp\/v2\/pages\/83\/revisions\/84"}],"wp:attachment":[{"href":"https:\/\/rosenstrasse-fewo.de\/index.php?rest_route=%2Fwp%2Fv2%2Fmedia&parent=83"}],"curies":[{"name":"wp","href":"https:\/\/api.w.org\/{rel}","templated":true}]}}